t common divisor of 12800 and y?
100
Suppose -17*g + 2 = -13*g + 2*l, 5*l - 16 = g. Let v be 8/(40/145) - (g - 2). Calculate the highest common factor of 176 and v.
16
Suppose -22*n + 79648 + 3314 = 0. What is the highest common factor of 9 and n?
9
Suppose -4*v + 78 - 50 = 0, 0 = 3*m + 2*v - 14105. What is the highest common factor of 308 and m?
77
Let w be (-60)/8*((-268)/20 - 1). Suppose -38*z = -42*z + w. What is the highest common factor of z and 216?
27
Suppose 3*k - 108 = -x, -3*x + 411 = x + 5*k. Let q(y) = -12*y - 277. Let z = 172 + -196. Let h be q(z). Calculate the greatest common divisor of x and h.
11
Let q(v) = -v + 4. Let n be q(-4). Let d be 75/(-6)*6/(-15). Suppose 9 = -3*a - 3*r, 0 = -0*a - d*a - 2*r. Calculate the highest common divisor of a and n.
2
Let o(w) = 418*w + 4310. Let s be o(-7). Calculate the greatest common divisor of s and 88.
8
Let p be (-8)/(-4)*(-2)/(-4). Let k(w) = -4 - p - 1 + 5 + 100*w. Let s be k(1). Calculate the greatest common divisor of s and 9.
9
Suppose -29*g + 45216 = 128*g. Let c be ((-3)/3)/(2/(-36)). What is the highest common divisor of g and c?
18
Let m(d) = 35*d + 75. Suppose 0 = -544*q + 549*q + 10. Let b be m(q). Let l be (-3)/(-1 - (-14)/20). Calculate the highest common divisor of l and b.
5
Let c(b) = -4*b - 53. Let g be c(-14). Suppose -v = -g*o - 24, -26*o = -5*v - 27*o + 152. Let n = -106 + 181. What is the greatest common factor of v and n?
15
Suppose -198*w - 98*w + 12*w + 3692 = 0. Suppose -4*u = 4*j + 56, 5*u = 5*j - 2*j + 42. Let m be j*39/(-6) - 0. Calculate the highest common divisor of m and w.
13
Suppose 313 = 5*d - 902. Let p = -235 + 247. Let z be 10 + -5 - p - -34. What is the highest common divisor of d and z?
27
Suppose 5*z + 4*p - 10089 = 0, -2*z - 5*p + 3342 = -714. Calculate the highest common divisor of z and 33.
33
Suppose 4*l - 73 - 19 = 0. Let o = l + -86. Let p = o - -129. What is the highest common divisor of 22 and p?
22
Let o(q) = 7*q**2 - 5*q + 1. Let h be o(4). Suppose -g - h = -3*x, 3*x + 84*g - 84 = 88*g. Calculate the greatest common factor of 56 and x.
8
Suppose 2*m - 923 = -903. Suppose 2*s - 5 = g, 3*s + 2 = -5*g - m. Calculate the greatest common divisor of s and 2.
1
Suppose 4*i = -i + 880. Suppose 0 = 2*y - j - 204, -332 = -5*y + 2*j + i. Suppose 225 = 53*f - 44*f. What is the greatest common divisor of y and f?
25
Let w be ((-1)/(-3))/((-134)/(-1206)). What is the greatest common divisor of w and 258?
3
Let r(g) = -6*g - 3. Let a be r(-5). Let m = a - 9. Suppose 33*n - 1530 = 16*n. Calculate the greatest common factor of m and n.
18
Suppose -22*f - 150 = -27*f. Let t = 60 - f. Suppose 5*y - 3*u = u + 391, u + 379 = 5*y. What is the greatest common divisor of y and t?
15
Let q = -252026 - -252041. Let h be (-29)/3 + 2/(-6). Let x be (-246)/h - (-2)/5. Calculate the highest common divisor of q and x.
5
Let o be (-204)/(-238) - 2689/(-7). Let r(c) = 44*c + 1. Let t be r(4). Let y be (-12)/30 - t/(-5). What is the greatest common factor of y and o?
35
Suppose 1406 = 16*r + 494. Let p = r + -24. Let x be (2 - 3) + 12/1. Calculate the highest common divisor of x and p.
11
Let n(i) be the second derivative of 2*i**3/3 - 3*i**2 + 12*i. Let v be n(14). Calculate the greatest common divisor of v and 10.
10
Let f = -3 + 7. Suppose 6*m - 30 = -0*m. Let b be m/6 - 2/(-12). Calculate the greatest common factor of f and b.
1
Suppose -3*w + 2*w = 3*r + 45, 64 = -5*r + 2*w. Let z = -733 - -748. Let g be 18/z*(-595)/r. Calculate the greatest common factor of g and 17.
17
Let m be (-4)/(-6) - (-51)/(-306)*5464/(-2). Calculate the highest common divisor of m and 1176.
24
Suppose 2*k - 570 = -5*s + 888, 5*k + 3*s = 3664. Suppose -1660 - k = -18*m. What is the highest common divisor of 21 and m?
7
Let y = -13 - -31. Suppose 112 = -10*p + 592. Calculate the highest common factor of p and y.
6
Let f = 10468 + -10347. Calculate the highest common divisor of 154 and f.
11
Let f(w) = w + 50. Let z be f(-20). Suppose 2*n + 5*x + 12 = 55, 0 = 5*n - 3*x - z. Calculate the highest common divisor of n and 36.
9
Suppose -2*u + 4*u - 3*z - 22 = 0, -5*u - z = -21. Let f = -267 - -526. Let m = f + -244. What is the greatest common divisor of u and m?
5
Suppose -s - 3*s + 260 = 0. Let o = s - 60. Suppose -o*c = 133 - 373. What is the highest common factor of c and 32?
16
Suppose -22 = 20*y - 122. Let g be y + (1 + (-4 - -4))*23. Calculate the greatest common factor of g and 308.
28
Suppose -11*n + 14 = 2*k - 13*n, 5 = n. What is the greatest common divisor of k and 7116?
12
Let b(z) = 7*z + 1. Let m be b(2). Let o be (m/6 - 3)/((-1)/8). Suppose o*h + 0*h - 176 = 0. What is the highest common divisor of 11 and h?
11
Let f = 2047 - 1721. Calculate the greatest common divisor of 815 and f.
163
Let v be (-357)/(((-2)/4)/(15/30)). What is the highest common factor of 1938 and v?
51
Let g = -222 + 228. Let y be g + 251/6 - (-2)/12. What is the greatest common divisor of 8 and y?
8
Let a(o) = 4 + 9*o - 6 + 28*o**2 - 5 - 27*o**2. Let p be a(-10). Calculate the greatest common divisor of p and 3.
3
Suppose -4*z = -3*d - 127, -4*d - 104 = 2*z - 5*z. Calculate the highest common divisor of 133 and z.
7
Let s be -5 - ((-8165)/15 - 2/3). Suppose -18*o + 63*o = s. What is the highest common factor of 18 and o?
6
Let d be -3 - (242/(-34) + 10/85). Suppose 4*l + 3*m - 604 = 0, 0*l = -d*l + 2*m + 624. Let s = 11 + l. Calculate the highest common divisor of 15 and s.
15
Let o = 78 - 14. Let g be 580/8*o/10. Let t be 4/26 - g/(-26). What is the greatest common divisor of t and 126?
18
Suppose 4*s - 274 - 206 = 0. Let z be -1 + 122/3 - ((-24)/18 + 1). What is the greatest common divisor of s and z?
40
Suppose -3254465 + 454758 = -437*w + 3576997. What is the highest common factor of 24 and w?
24
Let f be 1 + ((-222)/(-5))/(2/5). Let b(h) = -2*h**3 + 21*h**2 + 14*h - 17. Let l be b(11). Calculate the highest common divisor of f and l.
16
Let s = 73868 - 490. Calculate the highest common factor of 38 and s.
38
Suppose -2*v + 3*v - 2 = 0. Let l(p) = 2*p**2 + 11*p + 20. Let k be l(-6). Suppose 17*o = 18*o - k. Calculate the highest common factor of o and v.
2
Let n = 1757 + -1697. What is the greatest common divisor of n and 768?
12
Let w(h) = h**2 + 13*h - 254. Let p(r) = 42*r - 367. Let z be p(8). Let j be w(z). What is the highest common divisor of 16 and j?
16
Let j(o) = 20*o**2 + 12*o + 18. Let n be j(-2). Suppose 12*g - n - 106 = 0. Suppose -3*x + 10 = -2*x. What is the highest common divisor of g and x?
5
Suppose 4*b - 91 + 11 = 0. Let g = -15 + b. Suppose 0 = x + g, 0 = 2*s - 7*s - 5*x + 35. Calculate the greatest common factor of 36 and s.
12
Let p be (-310)/(-12) + (-165)/(-990). Let g = 158 - 293. Let w = -83 - g. Calculate the greatest common divisor of w and p.
26
Let f(i) = i**2 + 5*i + 4. Let q be -6 + -4 - -1 - 0. Let x be f(q). What is the greatest common factor of x and 160?
40
Let v(p) = 33*p - 1. Let c be v(1). Suppose 12*x + 90 = 150. Let j be 5 - (1/x + 172/215). Calculate the highest common factor of c and j.
4
Suppose -112 = -2*a - 4. Suppose -1601*k - 240 = -1591*k. Let i be (k/(-10))/((156/(-90))/(-13)). Calculate the highest common factor of i and a.
18
Suppose 0 = -5*i - z + 5246, -2108 = 8*i - 10*i + 2*z. Suppose 0 = 19*d - 33*d + i. What is the highest common factor of 90 and d?
15
Let p be 500/30 - 2/(-6). Let o = -14 + p. Let h = 1934 + -1931. What is the greatest common factor of o and h?
3
Let v(i) = -i**3 - 3*i**2 + 2*i - 5. Let h be v(-5). Let j = -79 - -84. What is the greatest common divisor of j and h?
5
Let c(q) = 53*q**2 - 176*q + 1880. Let w be c(12). What is the greatest common divisor of w and 240?
40
Let c be 4/(-2) - 4*-8. Let t = c - 14. Let q = -133 - -149. Calculate the greatest common factor of t and q.
16
Let r(o) = 12*o - 303. Let y = 169 - 130. Let q be r(y). What is the greatest common divisor of 132 and q?
33
Suppose 0 = u - 6*u + 3*z + 84206, u - 16872 = 5*z. Calculate the greatest common divisor of 149 and u.
149
Suppose 2*c - 17*d - 23 = -14*d, d + 17 = 3*c. Suppose -3*p - 3*f = -5*p + 224, c*p + 3*f - 448 = 0. Calculate the highest common divisor of p and 84.
28
Let o be 3046/48*4 - ((-115)/(-30) + -4). What is the greatest common divisor of 16